re the prime factors of 134105272?
2, 7, 23, 104119
List the prime factors of 44896696.
2, 13, 19, 22721
What are the prime factors of 855068767?
7, 953, 18311
List the prime factors of 235393010.
2, 5, 521, 45181
List the prime factors of 84657354.
2, 3, 14109559
List the prime factors of 836572469.
8089, 103421
List the prime factors of 836233.
836233
What are the prime factors of 122483286?
2, 3, 2268209
List the prime factors of 65243769.
3, 21747923
What are the prime factors of 150606869?
7, 21515267
What are the prime factors of 2584051377?
3, 67, 12855977
What are the prime factors of 152942376?
2, 3, 107, 59557
List the prime factors of 443563231.
443563231
List the prime factors of 4686441.
3, 17, 43, 2137
What are the prime factors of 69405167?
13, 751, 7109
List the prime factors of 874886687.
874886687
What are the prime factors of 659063298?
2, 3, 19, 23, 251359
List the prime factors of 81496417.
1867, 43651
What are the prime factors of 70209089?
523, 134243
List the prime factors of 9277695.
3, 5, 7, 29453
What are the prime factors of 1148392791?
3, 7, 13, 37, 37897
What are the prime factors of 73289564?
2, 59, 79, 3931
List the prime factors of 86203795.
5, 643, 26813
List the prime factors of 382972834.
2, 389, 492253
What are the prime factors of 1397968884?
2, 3, 13, 2987113
List the prime factors of 136846008.
2, 3, 13, 146203
What are the prime factors of 152147269?
19, 41, 195311
What are the prime factors of 649393659?
3, 17, 1414801
What are the prime factors of 326007759?
3, 7, 11, 17, 7547
List the prime factors of 4604959.
107, 43037
What are the prime factors of 146750046?
2, 3, 1033, 23677
List the prime factors of 952094493.
3, 7, 1223, 1373
List the prime factors of 594285621.
3, 173, 1145059
What are the prime factors of 417964677?
3, 13, 83, 129121
List the prime factors of 127866005.
5, 25573201
List the prime factors of 281100750.
2, 3, 5, 7, 7649
What are the prime factors of 194177563?
194177563
What are the prime factors of 219833219?
83, 2648593
What are the prime factors of 1425233031?
3, 263, 1806379
What are the prime factors of 197774978?
2, 31, 907, 3517
What are the prime factors of 771254348?
2, 3511, 54917
What are the prime factors of 1453163070?
2, 3, 5, 43, 1126483
What are the prime factors of 1066317091?
7, 4177, 36469
List the prime factors of 4042577004.
2, 3, 223, 1510679
What are the prime factors of 1377805494?
2, 3, 13, 17, 1039069
List the prime factors of 110105486.
2, 53, 1038731
List the prime factors of 362642068.
2, 4271, 21227
List the prime factors of 31040011.
17, 1825883
List the prime factors of 99800971.
99800971
What are the prime factors of 207834792?
2, 3, 11, 17, 46309
What are the prime factors of 491987275?
5, 13, 1513807
What are the prime factors of 693588233?
13, 53352941
What are the prime factors of 845979038?
2, 47, 8999777
List the prime factors of 27332232.
2, 3, 83, 13721
List the prime factors of 46445201.
11, 587, 7193
List the prime factors of 2806715754.
2, 3, 155928653
List the prime factors of 447478713.
3, 11, 223, 20269
What are the prime factors of 150058111?
7, 21436873
What are the prime factors of 20224073?
2633, 7681
List the prime factors of 544659825.
3, 5, 7262131
What are the prime factors of 101288161?
13, 223, 34939
What are the prime factors of 691460446?
2, 16217, 21319
What are the prime factors of 276459368?
2, 59, 149, 3931
List the prime factors of 476114422.
2, 7, 34008173
List the prime factors of 41748374.
2, 181, 115327
List the prime factors of 38277116.
2, 317, 30187
List the prime factors of 70002402.
2, 3, 31, 373, 1009
What are the prime factors of 2278101064?
2, 19, 14987507
What are the prime factors of 40128714?
2, 3, 101, 22073
List the prime factors of 76256830.
2, 5, 13, 431, 1361
List the prime factors of 68172509.
68172509
List the prime factors of 25523527.
239, 269, 397
List the prime factors of 155353575.
3, 5, 13, 159337
List the prime factors of 394278926.
2, 17, 23, 571, 883
What are the prime factors of 401317180?
2, 5, 11, 1824169
What are the prime factors of 2662793772?
2, 3, 6733, 32957
What are the prime factors of 233008892?
2, 47, 853, 1453
What are the prime factors of 168585549?
3, 11, 17, 1607
List the prime factors of 3999707483.
3999707483
What are the prime factors of 291007383?
3, 97002461
What are the prime factors of 78976170?
2, 3, 5, 7, 13, 9643
List the prime factors of 21640700.
2, 5, 23, 97
List the prime factors of 77696779.
77696779
List the prime factors of 77961814.
2, 7, 47, 109, 1087
List the prime factors of 65216951.
65216951
List the prime factors of 3075745908.
2, 3, 256312159
List the prime factors of 890262028.
2, 41, 5428427
What are the prime factors of 916350744?
2, 3, 38181281
List the prime factors of 4548240.
2, 3, 5, 6317
List the prime factors of 161571798.
2, 3, 61, 147151
List the prime factors of 321820213.
11, 13, 43, 199, 263
List the prime factors of 23750615.
5, 7, 17, 179, 223
What are the prime factors of 87451903?
7, 11, 223, 463
List the prime factors of 335645451.
3, 167, 919
List the prime factors of 198801873.
3, 29, 239, 3187
List the prime factors of 5153482.
2, 17, 151573
List the prime factors of 658827316.
2, 7, 17, 1384091
List the prime factors of 933966614.
2, 7, 3209, 20789
List the prime factors of 148358827.
631, 235117
List the prime factors of 53374248.
2, 3, 109, 2267
List the prime factors of 6157739788.
2, 67, 83, 276827
What are the prime factors of 56658070?
2, 5, 7, 809401
List the prime factors of 53527869.
3, 2053, 2897
What are the prime factors of 1394464083?
3, 17, 27342433
List the prime factors of 20492292.
2, 3, 41, 41651
What are the prime factors of 41598732?
2, 3, 7, 251, 1973
List the prime factors of 2026760060.
2, 5, 13, 17, 458543
What are the prime factors of 19645315?
5, 3929063
List the prime factors of 851420982.
2, 3, 141903497
List the prime factors of 753566895.
3, 5, 1860659
What are the prime factors of 149663720?
2, 5, 3741593
List the prime factors of 103144009.
103144009
List the prime factors of 529935716.
2, 47, 1039, 2713
List the prime factors of 70952114.
2, 35476057
List the prime factors of 126322448.
2, 7, 179, 6301
What are the prime factors of 2037801352?
2, 41, 6212809
List the prime factors of 353198169.
3, 2683, 14627
What are the prime factors of 112674049?
112674049
List the prime factors of 1870572045.
3, 5, 1783, 69941
List the prime factors of 662466800.
2, 5, 1656167
List the prime factors of 1025882485.
5, 19, 10798763
What are the prime factors of 2873145393?
3, 319238377
List the prime factors of 6445278617.
6445278617
List the prime factors of 7488678882.
2, 3, 23, 54265789
What are the prime factors of 1044179126?
2, 1033, 505411
What are the prime factors of 13397420?
2, 5, 29, 23099
List the prime factors of 6381901.
113, 56477
List the prime factors of 4765362245.
5, 7, 136153207
What are the prime factors of 585290633?
31, 467, 40429
List the prime factors of 20740061.
43, 61, 7907
What are the prime factors of 90252923?
8117, 11119
List the prime factors of 144878323.
144878323
List the prime factors of 760298544.
2, 3, 59, 109, 821
What are the prime factors of 127167151?
127167151
What are the prime factors of 1403784031?
13, 1163, 92849
What are the prime factors of 14014310?
2, 5, 151, 9281
List the prime factors of 1118464749.
3, 37, 3358753
List the prime factors of 304250380.
2, 5, 7, 101, 21517
List the prime factors of 459014488.
2, 57376811
What are the prime factors of 2959206938?
2, 43, 34409383
What are the prime factors of 84600285?
3, 5, 7, 11, 89, 823
List the prime factors of 528199176.
2, 3, 109, 201911
What are the prime factors of 1803556791?
3, 200395199
What are the prime factors of 5994028?
2, 43, 34849
List the prime factors of 295275817.
23, 12838079
List the prime factors of 218010220.
2, 5, 10900511
What are the prime factors of 3539988367?
14057, 251831
List the prime factors of 1644161701.
7, 13, 18067711
List the prime factors of 189590725.
5, 23, 329723
What are the prime factors of 2850437?
19, 71, 2113
What are the prime factors of 3238282157?
11, 19, 157, 98689
List the prime factors of 243256950.
2, 3, 5, 139, 3889
What are the prime factors